l).
21
Let g(p) = -p**3 + 5*p**2 - 3. Suppose 0 = 5*s - 9 + 34, 5*c - s = 430. Let l(t) = -11*t + 3. Let r be l(-7). Let o = c - r. Give g(o).
-3
Let t(l) be the third derivative of -l**6/120 + 7*l**5/20 - l**4/24 + 9*l**3/2 - 5*l**2 + 77*l. Give t(21).
6
Let v(x) = x - 4. Suppose 4*q - 4 = -0. Let g(j) = 1. Let a(f) = q*v(f) + 4*g(f). Let m be (2/3 - 0)*3. Calculate a(m).
2
Let m be (3/(-2) + 1)*-2. Let c(k) be the second derivative of -7*k - 9 - 1/6*k**4 - 1/2*k**2 - 1/4*k**5 + 1/3*k**3. Give c(m).
-6
Let p(y) be the third derivative of -1/40*y**6 + 1/6*y**3 + 0 + 1/24*y**4 + 0*y - 34*y**2 + 1/60*y**5. Calculate p(-1).
4
Let t(s) = -2*s**3 + s - 2. Suppose -5*x - 5 = -432*r + 435*r, 5*x - r = 15. Give t(x).
-16
Let v be 155/(-2)*12/(-15). Suppose 0*f = -28*f - 1848. Let h = v + f. Let w(j) = -j + 4. Calculate w(h).
8
Let y = -50 - -47. Let v = 28 + y. Suppose 5*t + v = 55. Let j(m) = m**2 - 5*m + 2. Determine j(t).
8
Let z(s) = -21*s + 63. Let y(h) = -10*h + 29. Let i(w) = 13*y(w) - 6*z(w). Determine i(4).
-17
Let u = -245 + 259. Let w(v) = -29 + u*v + 10 + 21. What is w(1)?
16
Let a(h) = h + 16. Let k be (1026/12 + -6)*2. Let u = k - 166. Determine a(u).
9
Let f(k) = 2 - k**2 + 6 - 10*k - 3. Let m(w) be the second derivative of -w**3/6 - 27*w**2/2 + 8*w. Let d be m(-18). Calculate f(d).
14
Let n = -15 + 30. Suppose -5 = -5*r - n. Let u(q) be the third derivative of -q**4/12 - q**3/3 - 188*q**2 + 4*q. Calculate u(r).
2
Let z(y) = 2*y**2 + 70*y + 364. Let f be z(-6). Let p(g) = -g**2 + 13*g + 34. Determine p(f).
-14
Let r(b) = -2*b**3 - 2*b**2 - b + 4. Let x(k) = 3*k**3 + 2*k**2 + 2*k - 8. Let d(s) = -5*r(s) - 3*x(s). Let j be (2/(-8) + 26/(-24))*3. What is d(j)?
8
Let u(a) = a**3 + 2*a**2 + 1. Let f be u(-2). Let p(n) = -15*n - 28*n - 25*n + 68*n - 8*n**2. Give p(f).
-8
Suppose -34*v + 29*v - c = 872, -4*v = -c + 703. Let u = -180 - v. Let d(g) = -g**3 - 4*g**2 + g - 1. Give d(u).
19
Let k(o) = 2*o**3 - 2*o**2 + 2*o - 1. Let i(d) = d**3 + 16*d**2 - 22*d - 31. Let t be i(-17). Suppose t = -l + 3*l. Suppose 1 = l*a - 26*a. What is k(a)?
1
Let q(x) = -188*x + 54. Let d(p) = 52*p - 16. Let o(k) = 18*d(k) + 5*q(k). What is o(-8)?
14
Let r be 0/((-2)/7 - (-36)/(-21)). Let y(g) be the third derivative of 0*g - 13*g**2 - 1/24*g**4 + 0*g**5 + r - 1/6*g**3 - 1/10*g**6. Determine y(-1).
12
Let o = 58 - 49. Let m(t) = -o + 7*t - t - 7*t + 4. Suppose -2*y - 3*y = 25. Calculate m(y).
0
Let c be (-686)/(-35) - 2/(-5). Let m = c + -9. Let a = m + -11. Let t(q) = q + 6. What is t(a)?
6
Suppose 0 = 2*c + 4*c - 84. Let m = c - 4. Let g(z) = 11*z + m*z - 20*z. Give g(-6).
-6
Let u(x) be the third derivative of -x**5/60 + x**4/2 + 127*x**3/3 - 2913*x**2. Give u(-11).
1
Let y(p) = -p**3 - 34*p**2 - 226*p + 4. Let c be y(-9). Let q(f) = 2*f**2 - 18*f - 14. Give q(c).
90
Let n = 6598 + -6612. Let a(o) = o**2 + 14*o - 7. Determine a(n).
-7
Let w(f) = -f**3 - 3*f**2 - 2*f + 2. Let j be (3/2)/(33/12826). Let h = j - 585. Determine w(h).
2
Suppose 0 = 3*c + 3*g + 2*g - 52, 5*c - 20 = 5*g. Let t be (0 + 3)*((-3)/c + -2). Let j(h) = 2*h + 1 + h - 2*h + 7. Calculate j(t).
1
Let l = 12401 - 12395. Let g(x) be the third derivative of x**6/120 - 7*x**5/60 + 5*x**4/24 + x**3/6 + 5*x**2. What is g(l)?
-5
Let m be (-3 - (-12)/4)/2. Suppose 93 = 5*b - w, -2*b + 2*w - 3 = -37. Let i(f) = -b + 18 + f + 0*f + m*f. What is i(5)?
4
Let u be (6 - 3) + -27 + (45 - 36). Let k(y) = -y**2 - 11*y - 8. Calculate k(u).
-68
Let b(p) = -7*p**2 - 41*p + 31. Let r(h) = h**2 + 4*h - 7. Let c(g) = b(g) + 6*r(g). What is c(-11)?
55
Suppose 110*f = 104*f + 3378. Let s = -560 + f. Let u(l) = l - 9. Give u(s).
-6
Let g(a) be the third derivative of a**4/24 - 7*a**3/6 + 2*a**2 - 373*a. Give g(16).
9
Let w(g) = -11*g + 130. Let j(r) = -2*r + 23. Let o(s) = 34*j(s) - 6*w(s). Calculate o(5).
-8
Suppose -200*v = -203*v - 27. Let c be ((-12)/v)/(((-5)/15)/(-1)). Let g be 297/(-45) - c/10. Let o(t) = -t + 2. What is o(g)?
9
Let k(b) = -12*b + 37. Let d be k(13). Let g = 121 + d. Let l(a) = -5 - 31*a + 32*a + 1 + g. Calculate l(7).
5
Let r(z) = -2*z**3 - 7*z**2 - 3*z + 1. Let j(p) = -5*p**3 - 22*p**2 + 14. Let i(m) = j(m) - 2*r(m). What is i(-8)?
-36
Let a(n) be the second derivative of -n**5/20 - 2*n**4/3 - 11*n**3/6 + 11*n**2/2 - 315*n. Give a(-5).
-9
Let m(t) = -t**2 - 21*t + 41. Let u(f) = 42*f - 208. Let c be u(5). Calculate m(c).
-5
Suppose -2*m = 5*h + 7 - 33, 2*m + 2 = 2*h. Suppose 2*j - j + 2*z - 14 = 0, 3*z = h*j - 45. Let d(f) = j + 0*f + f - 3. What is d(-9)?
0
Let k be -13 + 152/((-190)/10). Let s(t) = t**2 + 19*t - 42. Give s(k).
0
Let c(o) = -o**3 - 3*o**2 + 50*o - 34. Suppose 6436*t + 189 = 6415*t. Give c(t).
2
Let c(p) be the first derivative of p**4/4 + 2*p**3 - 3*p**2 - 60. Determine c(-7).
-7
Suppose -70*w = 150*w - 39*w. Let f(g) = 14*g - 2. Give f(w).
-2
Suppose 77*n = 5*w + 75*n + 41, 31 = -3*w - 2*n. Let t(s) = -s**3 - 11*s**2 - 21*s - 5. Give t(w).
22
Let p(s) = s**3 - 3*s**2 - 4*s + 4. Let g(f) = 1642*f - 1644. Let l be g(1). Give p(l).
-8
Let g(x) be the second derivative of 1/20*x**5 - x**2 - 1/6*x**3 + 0 + 0*x**4 - 52*x. Calculate g(0).
-2
Let g(o) = -10492*o - 10492*o + 20994*o - 11. Determine g(-6).
-71
Let h(b) = 2*b**2 + 3*b + 5. Let d(a) = a**3 - 4*a**2 - 194*a + 776. Let w be d(4). What is h(w)?
5
Let i(d) = -2*d**3 - 6*d**2 - 2*d + 8. Let f be (-7 - 8/(-12) - -6)/(11/132). Calculate i(f).
48
Let c(l) be the first derivative of -62 + 1/3*l**3 - 14*l + 5*l**2. What is c(-11)?
-3
Let j(g) = -6*g**3 - 19*g**2 + 10*g. Let b(q) = 22*q**3 + 58*q**2 - 30*q + 2. Let x(s) = 2*b(s) + 7*j(s). What is x(8)?
20
Let q = -25628 - -25587. Let r(p) = 6*p**2 + 248*p + 82. Determine r(q).
0
Let j(r) be the first derivative of -1/3*r**3 - 26*r - 36 - 6*r**2. Determine j(-8).
6
Let y(j) = -j**3 + 22*j**2 + 10*j + 5. Let w(t) = t**3 - 27*t**2 - 10*t - 6. Let c(z) = -5*w(z) - 6*y(z). Give c(-5).
0
Let s be ((-72)/4)/(-3) - (-1 + 3). Suppose -s*y = -y - 4*y. Suppose y = 3*m - 9*m + 18. Let b(j) = j**3 - 3*j**2 + j. Calculate b(m).
3
Let w be 4/6 - 25/(-3). Let o be (5/4)/((9/(-4))/w). Let z(j) = j**3 + 5*j**2 + 4*j + 7. Calculate z(o).
-13
Let j(x) = x**3 - 6*x**2 - 16*x - 14. Let q be 4/7 - 1456/(-196). Determine j(q).
-14
Let a(l) be the first derivative of -5*l**2/2 - 2*l - 19. Suppose 0 = 10*t + 5*t - 60. Suppose 0 = t*v + 24 - 40. Determine a(v).
-22
Let y(k) be the third derivative of k**5/60 - 11*k**4/24 + 13*k**3/6 + 598*k**2. Determine y(9).
-5
Let c(g) = -4*g - 3. Let u(m) = m**2 - 3*m - 3. Let v = 45 + -41. Suppose 3*p + 3 = v*p. Let n be u(p). What is c(n)?
9
Let b(r) = -3*r - 219 + 452 - 3*r - 227 + 2*r. Suppose 4 = 4*g + 2*q, 2*g - q = -2*g + 10. Suppose 0 = 3*j - g*j - 4. Calculate b(j).
-10
Suppose -27 = -101*u - 114 - 14. Let i(z) = -167*z**2 - z - 2. Calculate i(u).
-168
Let w(m) = -4*m - 5*m + 4*m - 1. Suppose 0 = -4*j + 3*r + 153, 16*j + 157 = 20*j + r. Suppose -52*u - 39 = -j*u. Determine w(u).
14
Let f(v) be the first derivative of -v**4/4 - v**3 + 2*v**2 + 4*v - 242. Let p = 19 + -9. Suppose 2 = 2*r + p. What is f(r)?
4
Let u(b) = 3*b**3 - 3*b**2 + 9*b + 8. Let i(j) = -27*j - 5*j**3 + 11*j**2 - 24 - j**2 - 3*j**3. Let g(d) = 4*i(d) + 11*u(d). Give g(-8).
0
Let y be -4 + -8*135/(-120). Let x(l) = 2*l**3 - 10*l**2 + 4*l + 6. What is x(y)?
26
Let u(z) = -z**3 - 7*z**2 - 6*z + 7. Let g(x) = 3*x - 3. Suppose 4*n + 3*i + 1 = 0, 2*n - 1 = -27*i + 24*i. Let v be g(n). What is u(v)?
7
Let g(r) = 25*r - 28 + 2*r**2 + 11*r**2 + 4 + 18 + 18 + r**3. Calculate g(-10).
62
Let d = -6262 + 6268. Let x(n) = -n**2 - 6*n + 7. Let w(h) = -2*h**2 - 6*h + 8. Let f(u) = -2*w(u) + 3*x(u). What is f(d)?
5
Let l = 32 - -11. Suppose 0 = 48*t - l*t. Let f(g) = g**2 - g + t - 19*g**2 - 1 + 3*g. Give f(1).
-17
Let q(m) be the first derivative of m**3/3 + 4*m**2 + 5*m + 3. Let o be (-8 + 13 - 6)/(1/6). Calculate q(o).
-7
Let u(c) be the third derivative of -c**5/20 - 3*c**4/4 + 37*c**3/6 - 12*c**2 - 157. Give u(-7).
16
Let t(w) = 13*w**2 - 6*w - 7. Suppose 5 = -a - f, -2*f - 9 = 314*a - 313*a. Determine t(a).
12
Let f(q) be the third derivative of q**6/240 + q**5/24 - 5*q**4/24 - q**3/2 - 58*q**2. Let h(w) be the second derivative of f(w). Calculate h(-5).
-10
Let p = 115 - 113. Let z(o) = 2*o**3 - 57*